rmine k(-19).
14
Let f(x) = x + 10. Determine f(3).
13
Let c(q) = 14*q**2 + 172*q + 35. Give c(-12).
-13
Let k(w) = 2*w**3 - 2*w**2 + 5*w - 2. Determine k(0).
-2
Let l(m) = -2*m**2 - 27*m - 125. Give l(-8).
-37
Let h(y) = -11*y - 4. Calculate h(3).
-37
Let b(p) = 91*p + 1642. Determine b(-18).
4
Let j(k) = 8*k + 141. Determine j(-18).
-3
Let r(p) = p**3 + 6*p**2 + 9*p. Calculate r(-4).
-4
Let u(d) = -d**3 + 22*d**2 + 47*d + 27. Give u(24).
3
Let w(f) = 10*f**2 + 6*f - 5. Give w(1).
11
Let a(q) = q - 43. Determine a(7).
-36
Let c(l) = 2*l**2 - 50*l + 120. Calculate c(22).
-12
Let z(a) = -21*a**2 + a + 5. Give z(-2).
-81
Let z(h) = h**2 - 5*h - 6. Calculate z(7).
8
Let i(m) = m**3 - 4*m**2 - 16*m + 6. What is i(5)?
-49
Let r(v) = -v**3 + v**2 + 22*v - 9. What is r(5)?
1
Let o(w) = 13*w**2 - 68*w + 10. What is o(5)?
-5
Let w(r) = -r + 54. Calculate w(-20).
74
Let j(o) = o**2 + 9*o - 31. Calculate j(-13).
21
Let i(b) = -b**2 + 5*b - 3. Calculate i(4).
1
Let r(c) = -3*c - 5. What is r(11)?
-38
Let p(t) = 4*t**3 - 2*t**2 + 3*t - 1. What is p(1)?
4
Let t(x) = -5*x**2 + 25*x + 3. What is t(4)?
23
Let q(r) = -r**3 - 3*r**2 + 14*r - 2. Calculate q(-6).
22
Let j(h) = -h**3 - h**2 - 22. Determine j(0).
-22
Let a(c) = -c**2 + 8*c + 1. Determine a(7).
8
Let l(m) = -2*m + 3. Calculate l(10).
-17
Let y(j) = -j**2 - 24*j - 39. Give y(-22).
5
Let r(v) = v**3 - 22*v**2 + 44*v - 74. Give r(20).
6
Let q(k) = k**2 - 6*k + 10. What is q(7)?
17
Let b(o) = -47*o - 193. What is b(-4)?
-5
Let i(z) = z**3 - 3*z**2 - 2*z - 3. Determine i(3).
-9
Let j(z) = -z**3 + 13*z**2 + 11*z - 7. Determine j(13).
136
Let z(y) = -y**3 + 12*y**2 - 8*y - 24. Give z(11).
9
Let i(r) = 3*r - 79. Give i(19).
-22
Let q(j) = -48*j + 4. Determine q(-1).
52
Let o(v) = v**3 - 14*v**2 - 5*v + 63. Calculate o(14).
-7
Let x(m) = m**3 - 7*m**2 + 13*m + 2. Calculate x(4).
6
Let i(s) = s**3 - 9*s**2 + 9*s + 52. Calculate i(6).
-2
Let p(s) = s**3 + 11*s**2 + 8*s - 17. What is p(-10)?
3
Let h(l) = -2*l**2 - 20*l - 47. What is h(-4)?
1
Let k(r) = -r**2 - 23*r - 41. What is k(-21)?
1
Let h(d) = -d**2 - 9*d - 17. What is h(-3)?
1
Let x(s) = -s**2 + 17*s - 49. Give x(11).
17
Let j(c) = -2*c**3 - 80*c**2 - 7*c - 286. Give j(-40).
-6
Let s(i) = -i**3 + 4*i**2 - 4*i + 3. Calculate s(4).
-13
Let v(t) = -t**3 - 8*t**2 - 4*t + 6. What is v(-8)?
38
Let n(f) = f**2 - 15*f + 51. Calculate n(12).
15
Let b(c) = -c**3 - 4*c**2 + 5*c - 9. Calculate b(-5).
-9
Let w(i) = -i**3 + 12*i**2 - 9*i - 9. Calculate w(11).
13
Let q(l) = 3*l**3 + l**2 + 2*l + 3. Give q(-2).
-21
Let z(x) = -x**2 + x + 2. What is z(-2)?
-4
Let d(x) = -x**2 + 8. Give d(4).
-8
Let o(l) = 15*l - 17. Give o(2).
13
Let v(s) = s**2 + 6*s - 22. What is v(-10)?
18
Let u(c) = c**3 - 2*c**2. Determine u(0).
0
Let a(q) = q**2 - 4*q - 8. Give a(0).
-8
Let n(a) = 3*a + 28. Determine n(-12).
-8
Let r(m) = m**2 + 10*m - 28. Give r(-13).
11
Let i(p) = -p**3 - 7*p**2 - 2*p + 7. Determine i(-5).
-33
Let l(w) = -2*w + 14. Determine l(16).
-18
Let m(i) = -9*i - 14. Give m(-5).
31
Let t(s) = s**3 + 4*s**2 - 6*s + 1. What is t(0)?
1
Let b(v) = v**2 + 2*v + 1. Calculate b(2).
9
Let n(f) = f**2 + 10*f + 5. Give n(-8).
-11
Let k(w) = -2*w + 21. Calculate k(10).
1
Let k(a) = -a**3 - 15*a**2 - 6*a - 86. Determine k(-15).
4
Let h(y) = y + 2. What is h(13)?
15
Let b(l) = l**3 - 4*l**2 - 2*l + 15. What is b(4)?
7
Let l(u) = -u**3 + 7*u**2 - 6*u. What is l(6)?
0
Let l(m) = 54*m**2 - 4*m + 2. What is l(1)?
52
Let f(q) = -q + 8. Calculate f(8).
0
Let z(x) = x**2 + 2*x - 2. Determine z(-4).
6
Let u(m) = m**3 - 2*m**2 - 6*m - 2. Determine u(4).
6
Let o(b) = -3*b + 33. Calculate o(8).
9
Let h(c) = -c**3 + 22*c**2 + 27*c - 39. Calculate h(23).
53
Let c(f) = -f**3 - 7*f**2 - 8*f + 7. What is c(-5)?
-3
Let i(v) = -v**2 - 2*v - 1. Determine i(-1).
0
Let p(r) = 4*r - 10. What is p(13)?
42
Let c(k) = 8*k + 16. What is c(-5)?
-24
Let i(o) = -2*o - 77. Calculate i(-21).
-35
Let s(t) = 2*t - 1. Calculate s(-3).
-7
Let s(x) = -x**2 - 11*x + 1. What is s(-12)?
-11
Let l(j) = -2*j**2 - 20*j - 19. Give l(-14).
-131
Let m(o) = -o**2 - 4*o + 33. What is m(4)?
1
Let o(k) = k**2 - 6. Calculate o(5).
19
Let f(b) = b**3 + 28*b**2 + 3*b + 85. Calculate f(-28).
1
Let w(b) = b - 45. What is w(23)?
-22
Let d(i) = -3*i - 11. Calculate d(-8).
13
Let d(g) = g - 2. Calculate d(7).
5
Let a(k) = -24*k - 94. Give a(-4).
2
Let x(h) = -h**2 - 29*h + 57. What is x(-31)?
-5
Let m(z) = z**2 + 26*z - 236. Give m(7).
-5
Let v(r) = r**3 + 11*r**2 + 11*r + 10. What is v(-10)?
0
Let u(b) = 4*b + 20. Calculate u(-5).
0
Let z(r) = r**3 + 23*r**2 + 21*r - 29. What is z(-22)?
-7
Let h(n) = -n**2 - n + 15. Give h(-5).
-5
Let v(f) = f**3 + 15*f**2 + f + 43. Give v(-15).
28
Let m(b) = -b**2 + 10*b - 19. Give m(10).
-19
Let o(b) = 8*b - 41. Determine o(4).
-9
Let f(n) = -n**3 - 4*n**2 + 4*n + 3. Give f(-5).
8
Let f(i) = i**2 - 23*i - 51. Calculate f(-2).
-1
Let j(v) = -v**3 - 9*v**2 - 6*v + 11. Give j(-8).
-5
Let l(p) = -p**2 + 26*p - 26. What is l(29)?
-113
Let a(w) = -w**3 - 24*w**2 + 25*w + 1. Calculate a(-25).
1
Let j(s) = 2*s**2 + 15*s + 8. Calculate j(-7).
1
Let q(h) = -h**3 - 18*h**2 + 2*h + 27. What is q(-18)?
-9
Let z(k) = k**3 + 4*k**2 - 4*k - 4. What is z(-5)?
-9
Let g(x) = -30*x - 903. What is g(-30)?
-3
Let u(c) = -29*c - 346. Give u(-12).
2
Let x(m) = 3*m - 4. What is x(1)?
-1
Let k(v) = -v**3 - 8*v**2 + 9*v - 10. Give k(-9).
-10
Let a(j) = -5*j - 29. What is a(-5)?
-4
Let l(b) = -b**3 - 3*b**2 + 11*b - 1. Determine l(2).
1
Let g(j) = -j + 1. What is g(-8)?
9
Let y(i) = -i**3 - 7*i**2 + 8*i + 10. What is y(-8)?
10
Let j(v) = -v**2 + 6*v - 7. Calculate j(3).
2
Let s(u) = -u - 8. Calculate s(0).
-8
Let j(g) = g**3 - 8*g**2 + 4*g - 2. What is j(4)?
-50
Let v(m) = -3*m + 35. Give v(-21).
98
Let z(u) = -8*u - 9. Give z(-6).
39
Let n(m) = -49*m + 21. What is n(1)?
-28
Let x(d) = -d**2 - 21*d - 44. Calculate x(-19).
-6
Let d(x) = 8*x - 2. Determine d(-3).
-26
Let g(y) = y - 5. Determine g(-4).
-9
Let k(j) = -j**3 - 10*j**2 + 2*j + 4. What is k(-10)?
-16
Let g(z) = -z - 23. Calculate g(-17).
-6
Let n(y) = -y**3 + 17*y**2 + 42*y - 28. What is n(19)?
48
Let a(r) = -r**2 - 7*r. What is a(-7)?
0
Let p(u) = -u + 48. What is p(9)?
39
Let t(f) = 3*f**2 + 6*f - 9. What is t(-5)?
36
Let r(k) = -k - 34. Determine r(-31).
-3
Let o(t) = -22*t**3 + 2*t**2 - 1. Give o(-1).
23
Let t(j) = 4*j**2 + 9*j + 9. Determine t(-2).
7
Let c(r) = -4*r**2 + 23*r - 41. What is c(7)?
-76
Let h(b) = b - 54. What is h(47)?
-7
Let b(l) = 80*l - 10. Give b(0).
-10
Let k(a) = 3*a - 11. Determine k(3).
-2
Let k(g) = 2*g**2 - 36*g - 32. Calculate k(19).
6
Let q(m) = -20*m - 1. Calculate q(1).
-21
Let x(r) = -r**2 + 4*r + 4. What is x(4)?
4
Let k(t) = -t**3 + 9*t**2 + 41*t - 34. Determine k(12).
26
Let b(z) = -z**2 + 20*z + 29. Determine b(18).
65
Let t(l) = l**3 - 6*l**2 - l + 1. Determine t(6).
-5
Let u(g) = -59*g - 7. What is u(2)?
-125
Let d(q) = 8*q**2 + 63*q + 16. Give d(-7).
-33
Let u(x) = x**2 - 5*x - 2. Determine u(8).
22
Let a(o) = -70*o + 168. Determine a(2).
28
Let z(u) = 7*u - 43. What is z(7)?
6
Let z(a) = -a**2 + 11*a + 23. Determine z(13).
-3
Let m(i) = -4*i + 12. Calculate m(7).
-16
Let a(c) = 7*c**3 - c**2 - c + 1. Determine a(1).
6
Let u(d) = 9*d - 288. Give u(30).
-18
Let r(u) = u**3 - 6*u**2 - 5*u + 15. Give r(6).
-15
Let p(r) = r + 13. Calculate p(-6).
7
Let f(o) = 3*o**3 - 129*o**2 - 3*o + 136. What is f(43)?
7
Let j(o) = -11*o**2 - 7. What is j(4)?
-183
Let j(h) = h**2 - 2*h - 11. Give j(4).
-3
Let j(p) = 2*p + 29. Give j(-10).
9
Let j(y) = 3*y**2 + 41*y - 6. Determine j(-14).
8
Let b(l) = -l**2 + 3*l + 4. Determine b(4).
0
Let n(y) = -98*y**2 - 200*y - 3. Determine n(-2).
5
Let j(m) = -m + 8. Give j(12).
-4
Let s(l) = l**3 + 49*l**2 - 330*l + 17. Give s(-55).
17
Let a(r) = -2*r**3 + 4*r**2 - 3*r + 1. Determine a(2).
-5
Let m(c) = -c**3 - 8*c**2 - 12*c - 17. Determine m(-6).
-17
Let v(a) = -9*a - 93. Give v(-10).
-3
Let v(a) = -a + 3. Give v(4).
-1
Let f(n) = -5*n**3 + n**2 + n - 5. Determine f(0).
-5
Let f(u) = 3*u**3 + 5*u**2 + 3*u - 2. Determine f(-2).
-12
Let o(g) = -g**3 - 2*g**2 + 5*g - 10. Give o(-4).
2
Let u(y) = -2*y**2 - 24*y - 13. Calculate u(-11).
9
Let k(p) = 5*p - 105. What is k(29)?
40
Let h(g) = 2*g**2 - 30*g + 27. What i